 -9 + 15. Let g = k + v. Let m(l) = l - 2. Determine m(g).
1
Suppose -2*r = 3*r. Suppose 3*l - 8*l - 5*a + 45 = r, -3*a = -15. Let x(w) = -5*w**2 - l + 0*w - w**3 - 4*w - 2*w + w. Give x(-3).
-7
Let q(v) be the third derivative of v**5/60 + v**4/24 - v**3/3 - v**2. Suppose -2*y + 3 = 1. Let s(c) = 3*c**3 - c**2 - c + 1. Let u be s(y). Calculate q(u).
4
Let h(o) = o**2 - 1. Let c(a) = 4*a - 11 - a**3 + 3*a - 1 - 7*a**2 + 1. Let t be c(-8). What is h(t)?
8
Let r(d) = d**2 - 2. Let t(v) = v**3 - 11*v**2 - v + 13. Let z be t(11). Let y be (0/1)/(1*z). Give r(y).
-2
Let y be (2 + 3)/(1 - 2). Suppose -5*o = -i + 24, 3*i - 4*o = 24 + 4. Let j(b) = i + b + 5*b - 5*b. Calculate j(y).
-1
Let r(q) be the second derivative of -q**5/20 + 5*q**4/12 + 7*q**3/6 + 4*q**2 + 7*q. Give r(6).
14
Let i(v) = -1 + 5 - 10*v - 3. What is i(1)?
-9
Let b(w) be the second derivative of w**3/6 - 2*w**2 + 2*w. Suppose 0 = -j + 5*j - 4*n + 28, 3*j + 5 = -5*n. Determine b(j).
-9
Suppose a = -0*a - 2*t - 7, -3*a = -5*t - 34. Suppose 2*q + a*q + 10 = 0. Let o(h) be the first derivative of h**4/4 + 2*h**3/3 + 3*h**2/2 + 3. Give o(q).
-6
Let k(d) = d**3 + d**2 + 3*d + 2. Let w(q) = q**3 + q**2 + 2*q + 1. Let s(z) = 2*k(z) - 3*w(z). Suppose 4*a = -5*b + 5, 2*b - 5*a = -b + 3. Calculate s(b).
-1
Suppose -o + 0*b = -5*b + 23, -2*o = -5*b + 31. Let r be o/44 - (-24)/11. Let d(h) = h**3 - 5*h**2 + 3*h - 2. Calculate d(r).
-8
Let t(w) = w - 1. Let o(v) = v - 6. Suppose -5*i - 11 = y + 4, 5*i = y - 15. Let k be (3/(-2))/(i/2). Let f(g) = k*o(g) - 5*t(g). Determine f(1).
-5
Let i(q) = 3*q**3 - 16 - 2*q**3 + 6*q**2 + 11 - 7*q. Give i(-7).
-5
Let j(v) = 7*v**3 + 7*v**2 + 13*v + 10. Let d(u) = 6*u**3 + 7*u**2 + 12*u + 9. Let w(o) = -6*d(o) + 5*j(o). What is w(-4)?
-24
Let y be -2 - -3 - (-1 + 0). Let c(l) = 5*l**2 + l**3 + 3*l - y*l + 5 - l**2 + 0*l. Calculate c(-4).
1
Let p be (-2 - 50/(-24))/(1 - -1). Let k(f) be the third derivative of f**2 + 0*f**3 + p*f**4 + 0 + 0*f. Calculate k(4).
4
Suppose -4*u + o + 46 = 0, -14 = -2*u + 3*o - 7*o. Let c(i) = -u*i + 0*i - 4*i - 3*i. Calculate c(-1).
18
Let b(t) be the first derivative of -3*t**4/4 + t**2/2 - 1. Let m be (11/3 - 10/15)/3. Determine b(m).
-2
Let b(k) be the third derivative of k**6/120 - k**5/20 - 5*k**4/24 + 5*k**3/6 - 7*k**2. What is b(4)?
1
Let i(s) = -s**2 + 4*s + 2. Let l(u) = -6*u - 2. Let n(g) = -5*g - 2. Let z(q) = 6*l(q) - 7*n(q). Let j be (4/(4/2))/(-1). Let y be z(j). What is i(y)?
2
Let j(y) = -y - 6. Let v = -21 + 15. Let q be j(v). Let f(b) be the third derivative of -b**4/24 - 3*b**3/2 - b**2. Give f(q).
-9
Let j(f) = -f**2 + 5*f + 5. Suppose 0 = -4*p + 56 - 32. Determine j(p).
-1
Let t(a) = -7*a**2 + a + 5*a**3 + 3*a**2 + 6*a**2. Let d(n) = -n. Let c be d(0). Let u = c + -1. Determine t(u).
-4
Let y(n) be the second derivative of -n - 1/2*n**2 + 1/6*n**3 + 0. Suppose -1 = -g - 2*j, -3*g - j - 3*j - 1 = 0. Determine y(g).
-4
Suppose 6 = -b - 5*t, 3*t + 1 = -4*b - 6. Let h(s) = -s**2. Calculate h(b).
-1
Suppose 0*z - 4*z - b + 7 = 0, -3*z + b = -7. Let d(y) = -y + y**3 - 3*y**z + 2 - 3*y + 4 - 4. Give d(3).
-10
Let u(j) = j**3 - 4*j**2 - 2*j + 4. Let d be 4 + (0 - -1)/1. Suppose 13 = d*k - 7, 3*i - 24 = -3*k. Give u(i).
-4
Suppose -2 + 6 = -4*y. Let u(w) = -8*w. What is u(y)?
8
Let r(g) = 3*g**2 + g**3 + 3*g + g**2 - 1 + 0*g**3. Let x be 134/(-26) - (-6)/39. Let d be (x/15)/(1/9). Calculate r(d).
-1
Let c be (-1 + 3)/((-10)/(-15)). Let b(x) = -x**2 + 2*x + 1. Give b(c).
-2
Let s(l) = -l**2 + 21*l + 43. Let f be s(23). Let v(u) = -u**2 - 3*u - 3. Calculate v(f).
-3
Let t be (-22)/(-8) - (-5)/20. Suppose 0 = -2*v - t*v. Let u(q) = -q**2 - q + 4. What is u(v)?
4
Let k(p) = 2*p - 1 + p**3 - 6*p**2 + 4*p**2 + 6*p**2. Determine k(-3).
2
Let p(c) be the second derivative of c**5/5 - c**4/12 - c**3/6 - 2*c. Let a = 19 - 16. Let u be 30/(-18) + 2/a. Calculate p(u).
-4
Let q(z) = -2 - z**2 + 2 + 4*z**3 + 1. Determine q(-1).
-4
Let v(j) be the first derivative of -j**4/4 - 5*j**3/3 + j**2/2 + 7*j + 1. Let f be (-6)/(12/(-5))*(-2)/1. Let h be v(f). Let k(o) = 3*o - 1. Give k(h).
5
Let c be 75/30 - 6/(-4). Let h(o) = 3*o - 4. What is h(c)?
8
Let o(q) be the second derivative of q**3/2 - q**2/2 + 16*q. Suppose 5*v = -17 + 2. Calculate o(v).
-10
Let v(j) be the third derivative of j**6/120 + j**5/15 - j**4/4 - 5*j**3/6 - j**2. Let k(b) = -4*b + 75. Let w be k(20). Determine v(w).
0
Let t be -2*(-15)/6 + -2. Let p(h) = -4*h**2 + t + 4*h**2 + 5*h + h**2. Suppose 0 = -3*g, 4 = -2*d + g - 6*g. Determine p(d).
-3
Let z(b) be the third derivative of -b**5/60 + b**4/6 + 2*b**3/3 - 6*b**2. Give z(6).
-8
Let h(f) = -f**2 + f. Let o(d) be the third derivative of d**4/24 - d**3/6 + d**2. Let p(j) = -h(j) + o(j). Determine p(0).
-1
Let o(r) = 3*r - 2*r**3 + 3 + r**2 - 1 + r**3. Calculate o(3).
-7
Suppose 3*g - 17 = -5*w + 8, 3*w + 19 = 5*g. Let a(r) = -r**2 + 3*r + 6. What is a(g)?
-4
Suppose 3*j + 2 = -5*n, -j - 3*n + 14 = -3*j. Let h(o) be the second derivative of o**3/6 + 3*o**2/2 + o. Determine h(j).
-1
Let x(y) be the third derivative of -y**7/2520 - y**6/120 + y**5/30 - 2*y**2. Let v(c) be the third derivative of x(c). Determine v(-6).
6
Let i(y) = -404*y + 810*y - 3 - 408*y. What is i(-4)?
5
Let l(c) be the second derivative of -c**5/20 + 5*c**4/12 - c**3/3 - c**2 - 7*c. Determine l(4).
6
Let t(w) be the third derivative of 1/24*w**4 - 1/60*w**5 + 0 - 5/6*w**3 + 3*w**2 + 0*w. Determine t(0).
-5
Let h = -3 + 4. Let u be h*(0/3 - -2). Let f(g) = u + 0*g**3 - 3 - g**2 + g**3. Determine f(0).
-1
Let i = -10 - -15. Let z(j) = j**2 - 6. Let s be z(3). Suppose -k - i*n + 23 = 2*k, s*k + 17 = 5*n. Let x(o) = -5*o**3 + o**2 + o - 1. Calculate x(k).
-4
Suppose -1 - 3 = -z. Let x(c) = c - 5. What is x(z)?
-1
Let s(q) = -2 + 2*q + 3 - 5 - q. What is s(-6)?
-10
Let y(p) = -p**3 - p**2 - p + 6. Let t be (0/1)/(3/(-3)). What is y(t)?
6
Suppose t = -2*q - 6, 3*q - 7*q - t - 10 = 0. Suppose 0 = -2*g - n + 11, 6*g - 4*g + 2*n - 16 = 0. Let d(i) = 2*i**2 - 2*i**3 - 1 + 3*i**g + 0. Give d(q).
-1
Let m be (10/4)/(1/2). Suppose -3*c + 10 = 2*c. Let n(v) = 2*v**c - 4 - 3*v**2 + 0*v + 6*v + 0*v**2. What is n(m)?
1
Let o(v) = v**2 - 5*v - 6. Let n(s) = -3*s**2 + 11*s + 13. Suppose 3*f + 5*l = 8*f - 50, -3*l = 5*f - 74. Let x(i) = f*o(i) + 6*n(i). Calculate x(1).
-4
Let v(z) be the first derivative of -3*z**2/2 - 4*z + 1. Suppose 0 = -5*m - 27 + 7. Calculate v(m).
8
Let r(p) = p**2 - 4*p - 3. Let f be r(5). Let j(x) = -2*x**3 + 2*x**2 - 2 + x**2 - x + 0*x**f. Calculate j(2).
-8
Let o(j) = j**3 - j + 2. Suppose 0 = -3*x - 6 - 0. Let u be (x/6)/((-3)/18). Give o(u).
8
Let t = 53/10 + -24/5. Let n(b) be the first derivative of -t*b**2 - 2*b + 1. Give n(3).
-5
Let c(p) = -6*p**2 - 3*p**3 + 0*p**3 + 8 - 2*p - 6*p + 4*p**3. Determine c(7).
1
Let p(z) be the first derivative of -2 + 0*z + 3/2*z**2. Calculate p(2).
6
Suppose 0 = -0*r + 3*r + 5*t, -3*r + 21 = -2*t. Let v(a) = 3 + 4*a**2 - 6*a - 5 - r*a**2. What is v(-6)?
-2
Let c(a) be the second derivative of -a**3/2 - a**2 - 14*a. Suppose 3*l + 13 = -o, -2*o - 4*l + 2*l - 6 = 0. Give c(o).
-8
Let j(i) = 2 + i**3 - 1 + 10 + 3*i - 4*i. What is j(0)?
11
Let h(x) = -3*x - 13*x + 19*x. Suppose 4*k + 2*z + 12 = 0, -2*z + 12 = -5*z. What is h(k)?
-3
Suppose 3*m - 6 = -0*m. Let l(z) = 2*z**2 + 3*z - 3. Calculate l(m).
11
Let i(y) = 10*y**2 - y - 1. Let s(r) = -r**3 + 18*r**2 - 18*r + 16. Let k be s(17). Give i(k).
10
Let i(o) = -o - 1 + 1. Suppose 0 = -3*p + c - 15, 2*p + c = 3*c - 10. Let f(y) = 2*y + 6. Let h be f(p). Determine i(h).
4
Suppose 0*a - a + 3 = -4*g, 4*a - 12 = 3*g. Suppose -4*j - a*u = 27, -4*j + 4*u - 8 = -2*j. Let f(m) = -m - 5. What is f(j)?
1
Let k(x) be the second derivative of -1/20*x**5 - 1/2*x**4 + 0 - 1/3*x**3 - 1/2*x**2 + 4*x. Calculate k(-6).
11
Let v(n) = -n**3 - 6*n**2 - 5*n - 2. Suppose 5*f = 4*a - 21, 5*f - 4*a + 5*a = -26. Calculate v(f).
-2
Let x be (-1)/(-3)*(-99)/(-11). Let a(i) = 9*i**3 - 4*i**x - 3*i**3. What is a(1)?
2
Let n(p) = p**2 + p - 4. Suppose -5*v = 5*a - 7 + 52, -a + 4*v + 16 = 0. Calculate n(a).
8
Let h(m) = 4*m**3 + m**2 + m. Let r be 2*(2 + 3 + -4). Suppose 0*d - r*d = 2. Calculate h(d).
-4
Let a be -2 + -1 - -4 - 1. Suppose a = -5*l - 5 + 30. Let v(s) = -s. What is v(l)?
-5
